{"id":17547,"date":"2025-09-24T16:25:43","date_gmt":"2025-09-24T14:25:43","guid":{"rendered":"https:\/\/rimtatar.com\/?page_id=17547"},"modified":"2025-09-29T12:04:30","modified_gmt":"2025-09-29T10:04:30","slug":"les-pensees-negatives-reprenez-le-controle-de-votre-esprit","status":"publish","type":"page","link":"https:\/\/rimtatar.com\/index.php\/les-pensees-negatives-reprenez-le-controle-de-votre-esprit\/","title":{"rendered":"Les\u00a0pens\u00e9es\u00a0n\u00e9gatives \u2013 Reprenez le contr\u00f4le de votre esprit"},"content":{"rendered":"\t\t<div data-elementor-type=\"wp-page\" data-elementor-id=\"17547\" class=\"elementor elementor-17547\">\n\t\t\t\t<div class=\"elementor-element elementor-element-2422946 e-flex e-con-boxed e-con e-parent\" data-id=\"2422946\" data-element_type=\"container\">\n\t\t\t\t\t<div class=\"e-con-inner\">\n\t\t\t\t<div class=\"elementor-element elementor-element-c787433 elementor-widget elementor-widget-spacer\" data-id=\"c787433\" data-element_type=\"widget\" data-widget_type=\"spacer.default\">\n\t\t\t\t<div class=\"elementor-widget-container\">\n\t\t\t\t\t\t\t<div class=\"elementor-spacer\">\n\t\t\t<div class=\"elementor-spacer-inner\"><\/div>\n\t\t<\/div>\n\t\t\t\t\t\t<\/div>\n\t\t\t\t<\/div>\n\t\t\t\t\t<\/div>\n\t\t\t\t<\/div>\n\t\t<div class=\"elementor-element elementor-element-a13b623 e-flex e-con-boxed e-con e-parent\" data-id=\"a13b623\" data-element_type=\"container\">\n\t\t\t\t\t<div class=\"e-con-inner\">\n\t\t\t\t<div class=\"elementor-element elementor-element-b5a60ee elementor-widget elementor-widget-image\" data-id=\"b5a60ee\" data-element_type=\"widget\" data-widget_type=\"image.default\">\n\t\t\t\t<div class=\"elementor-widget-container\">\n\t\t\t\t\t\t\t\t\t\t\t\t\t\t\t<img fetchpriority=\"high\" decoding=\"async\" width=\"640\" height=\"424\" src=\"https:\/\/rimtatar.com\/wp-content\/uploads\/2025\/09\/light-bulb-1042480_1280-1024x678.jpg\" class=\"attachment-large size-large wp-image-17597\" alt=\"\" srcset=\"https:\/\/rimtatar.com\/wp-content\/uploads\/2025\/09\/light-bulb-1042480_1280-1024x678.jpg 1024w, https:\/\/rimtatar.com\/wp-content\/uploads\/2025\/09\/light-bulb-1042480_1280-300x199.jpg 300w, https:\/\/rimtatar.com\/wp-content\/uploads\/2025\/09\/light-bulb-1042480_1280-768x508.jpg 768w, https:\/\/rimtatar.com\/wp-content\/uploads\/2025\/09\/light-bulb-1042480_1280-600x397.jpg 600w, https:\/\/rimtatar.com\/wp-content\/uploads\/2025\/09\/light-bulb-1042480_1280.jpg 1280w\" sizes=\"(max-width: 640px) 100vw, 640px\" \/>\t\t\t\t\t\t\t\t\t\t\t\t\t\t\t<\/div>\n\t\t\t\t<\/div>\n\t\t\t\t\t<\/div>\n\t\t\t\t<\/div>\n\t\t<div class=\"elementor-element elementor-element-75c05e2 e-flex e-con-boxed e-con e-parent\" data-id=\"75c05e2\" data-element_type=\"container\">\n\t\t\t\t\t<div class=\"e-con-inner\">\n\t\t\t\t<div class=\"elementor-element elementor-element-701a874 elementor-widget elementor-widget-spacer\" data-id=\"701a874\" data-element_type=\"widget\" data-widget_type=\"spacer.default\">\n\t\t\t\t<div class=\"elementor-widget-container\">\n\t\t\t\t\t\t\t<div class=\"elementor-spacer\">\n\t\t\t<div class=\"elementor-spacer-inner\"><\/div>\n\t\t<\/div>\n\t\t\t\t\t\t<\/div>\n\t\t\t\t<\/div>\n\t\t\t\t\t<\/div>\n\t\t\t\t<\/div>\n\t\t<div class=\"elementor-element elementor-element-ac4cc5c e-flex e-con-boxed e-con e-parent\" data-id=\"ac4cc5c\" data-element_type=\"container\">\n\t\t\t\t\t<div class=\"e-con-inner\">\n\t\t\t\t<div class=\"elementor-element elementor-element-ca141bf elementor-widget elementor-widget-thim-ekits-heading\" data-id=\"ca141bf\" data-element_type=\"widget\" data-widget_type=\"thim-ekits-heading.default\">\n\t\t\t\t<div class=\"elementor-widget-container\">\n\t\t\t\t\t<div class=\"thim-ekits-heading thim-ekit__heading\"><h3 class=\"title\">Les pens\u00e9es n\u00e9gatives, la preuve tangible d'un profond mal-\u00eatre<\/h3><p class=\"sub-heading\"><div style=\"text-align: justify\">\nL\u2019\u00eatre humain est dou\u00e9 de raison, un \u00eatre de pens\u00e9e par d\u00e9finition car celle-ci fait partie\nint\u00e9grante de son fonctionnement. Le cerveau ne peut pas s\u2019emp\u00eacher de penser tel le c\u0153ur de\nbattre et c\u2019est ce qui fait de nous des \u00eatres exceptionnels. <\/br>\nEntre h\u00e9ritage du pass\u00e9 et attentes du futur, une charge mentale au quotidien peut \u00eatre lourde \u00e0 porter. On se retrouve souvent victime de nos angoisses, prisonniers de nos souvenirs et de nos peurs. Une anxi\u00e9t\u00e9 quasi pr\u00e9sente s\u2019invite petit \u00e0 petit et nous enferme dans un cercle de pens\u00e9es n\u00e9gatives sans fin. <\/br>\n\nCe sentiment d\u2019\u00eatre coinc\u00e9, absent de soi-m\u00eame s\u2019installe dans le corps, l\u2019esprit et contr\u00f4le m\u00eame l\u2019aspect relationnel en vous poussant \u00e0 adopter un comportement r\u00e9actif face \u00e0 l\u2019injonction des pens\u00e9es toxiques. <\/br>\nParfois, on souhaite que \u00e7a s\u2019arr\u00eate et on aimerait faire taire certaines pens\u00e9es qui deviennent probl\u00e9matiques et qui ab\u00eement notre quotidien. Les pens\u00e9es n\u00e9gatives, toxiques, polluantes ou les ruminations sont les b\u00eates noires du cerveau humain, qui nous affectent et qui nous mettent\n\u00e0 mal et d\u00e9truisent notre humeur. <\/br>\nLa bonne nouvelle, c\u2019est que ni les pens\u00e9es ni ce qui en r\u00e9sulte ne sont fig\u00e9s, notre \u00e9tat \u00e9volue m\u00eame s\u2019il est temporairement affect\u00e9. Mais avant de retrouver son bien-\u00eatre et mettre un STOP aux id\u00e9es noires, il faut commencer par apprendre \u00e0 nourrir son cerveau avec les bons ingr\u00e9dients. Adopter un sch\u00e9ma de pens\u00e9e plus sain et retrouver sa bonne humeur au quotidien n\u00e9cessite de mettre, avant tout, un stop \u00e0 un rythme \u00e9puisant tant pour le cerveau que pour le corps.<\/p><\/div>\t\t\t\t<\/div>\n\t\t\t\t<\/div>\n\t\t\t\t\t<\/div>\n\t\t\t\t<\/div>\n\t\t<div class=\"elementor-element elementor-element-1c068de e-flex e-con-boxed e-con e-parent\" data-id=\"1c068de\" data-element_type=\"container\">\n\t\t\t\t\t<div class=\"e-con-inner\">\n\t\t\t\t<div class=\"elementor-element elementor-element-6a78624 elementor-widget elementor-widget-spacer\" data-id=\"6a78624\" data-element_type=\"widget\" data-widget_type=\"spacer.default\">\n\t\t\t\t<div class=\"elementor-widget-container\">\n\t\t\t\t\t\t\t<div class=\"elementor-spacer\">\n\t\t\t<div class=\"elementor-spacer-inner\"><\/div>\n\t\t<\/div>\n\t\t\t\t\t\t<\/div>\n\t\t\t\t<\/div>\n\t\t\t\t\t<\/div>\n\t\t\t\t<\/div>\n\t\t<div class=\"elementor-element elementor-element-5ed7479 e-flex e-con-boxed e-con e-parent\" data-id=\"5ed7479\" data-element_type=\"container\">\n\t\t\t\t\t<div class=\"e-con-inner\">\n\t\t\t\t<div class=\"elementor-element elementor-element-41885b9 elementor-widget elementor-widget-thim-ekits-heading\" data-id=\"41885b9\" data-element_type=\"widget\" data-widget_type=\"thim-ekits-heading.default\">\n\t\t\t\t<div class=\"elementor-widget-container\">\n\t\t\t\t\t<div class=\"thim-ekits-heading thim-ekit__heading\"><h3 class=\"title\">Le cercle vicieux des pens\u00e9es n\u00e9gatives, dire STOP aux ruminations<\/h3><p class=\"sub-heading\"><div style=\"text-align: justify\">\nLe cerveau est une machine hyper sophistiqu\u00e9e dot\u00e9e d\u2019une plasticit\u00e9 qui lui permet de trier les informations et de s\u2019adapter \u00e0 son environnement et \u00e0 vous-m\u00eame plus particuli\u00e8rement. <\/br>\nCette adaptation, c\u2019est vous qui en \u00eates responsable, car justement en faisant constamment appel aux pens\u00e9es n\u00e9gatives et angoissantes, vous apprenez \u00e0 votre cerveau \u00e0 les conserver et \u00e0 les privil\u00e9gier. Avec le temps, vous construisez ce sch\u00e9ma de pens\u00e9es toxiques qui se met en premier plan. Par contre, toutes les pens\u00e9es positives, tant que vous les \u00e9cartez, inconsciemment, votre cerveau peut les mettre temporairement \u00e0 distance.\nLes pens\u00e9es n\u00e9gatives s\u2019imposent tr\u00e8s souvent petit \u00e0 petit et finissent par vous contr\u00f4ler et par s\u2019autoalimenter elles-m\u00eames dans un sch\u00e9ma de r\u00e9p\u00e9tition que vous avez instaur\u00e9 sans le savoir. \u00c0 l\u2019origine d\u2019une pens\u00e9e toxique, une autre pens\u00e9e toxique \u00e0 laquelle vous avez fait appel et un syst\u00e8me d\u00e9faillant qui se r\u00e9p\u00e8te en boucles et sans fin. Le stop pens\u00e9es n\u00e9gatives, c\u2019est une technique simple pour sortir de ce sch\u00e9ma de pens\u00e9e tr\u00e8s envahissant. <\/br>\nElle n\u00e9cessite de mettre en place certaines habitudes pour remplacer les anciens m\u00e9canismes derri\u00e8re les ruminations. Inverser le syst\u00e8me de pens\u00e9es n\u00e9gatives, c\u2019est apprendre au cerveau \u00e0 mettre en place un nouveau cercle vertueux et donc, d\u2019\u00e9carter les pens\u00e9es n\u00e9gatives et de favoriser les pens\u00e9es neutres ou positives.  <\/p><\/div>\t\t\t\t<\/div>\n\t\t\t\t<\/div>\n\t\t\t\t\t<\/div>\n\t\t\t\t<\/div>\n\t\t<div class=\"elementor-element elementor-element-41bb9a6 e-flex e-con-boxed e-con e-parent\" data-id=\"41bb9a6\" data-element_type=\"container\">\n\t\t\t\t\t<div class=\"e-con-inner\">\n\t\t\t\t<div class=\"elementor-element elementor-element-397af53 elementor-widget elementor-widget-spacer\" data-id=\"397af53\" data-element_type=\"widget\" data-widget_type=\"spacer.default\">\n\t\t\t\t<div class=\"elementor-widget-container\">\n\t\t\t\t\t\t\t<div class=\"elementor-spacer\">\n\t\t\t<div class=\"elementor-spacer-inner\"><\/div>\n\t\t<\/div>\n\t\t\t\t\t\t<\/div>\n\t\t\t\t<\/div>\n\t\t\t\t\t<\/div>\n\t\t\t\t<\/div>\n\t\t<div class=\"elementor-element elementor-element-d46dcfc e-con-full e-flex e-con e-parent\" data-id=\"d46dcfc\" data-element_type=\"container\" data-settings=\"{&quot;background_background&quot;:&quot;classic&quot;}\">\n\t\t\t\t<div class=\"elementor-element elementor-element-2a7ad61 elementor-widget elementor-widget-spacer\" data-id=\"2a7ad61\" data-element_type=\"widget\" data-widget_type=\"spacer.default\">\n\t\t\t\t<div class=\"elementor-widget-container\">\n\t\t\t\t\t\t\t<div class=\"elementor-spacer\">\n\t\t\t<div class=\"elementor-spacer-inner\"><\/div>\n\t\t<\/div>\n\t\t\t\t\t\t<\/div>\n\t\t\t\t<\/div>\n\t\t\t\t<div class=\"elementor-element elementor-element-4ae0054 elementor-widget elementor-widget-thim-ekits-heading\" data-id=\"4ae0054\" data-element_type=\"widget\" data-widget_type=\"thim-ekits-heading.default\">\n\t\t\t\t<div class=\"elementor-widget-container\">\n\t\t\t\t\t<div class=\"thim-ekits-heading thim-ekit__heading\"><h3 class=\"title\">D\u00e9couvrez la th\u00e9rapie \"Le chemin vers Soi\"<\/h3><p class=\"sub-heading\">Une th\u00e9rapie qui vise \u00e0 se r\u00e9concilier avec soi-m\u00eame<\/p><\/div>\t\t\t\t<\/div>\n\t\t\t\t<\/div>\n\t\t\t\t<div class=\"elementor-element elementor-element-d11b91a elementor-widget elementor-widget-thim-ekits-button\" data-id=\"d11b91a\" data-element_type=\"widget\" data-widget_type=\"thim-ekits-button.default\">\n\t\t\t\t<div class=\"elementor-widget-container\">\n\t\t\t\t\t\n\t\t<div class=\"thim-ekits-button\">\n\t\t\t<a href=\"https:\/\/rimtatar.com\/index.php\/start-now\/\" role=\"button\">\n\t\t\t\t<span class=\"button-content-wrapper\">\n\t\t\t\t\tBuy Therapy\t\t\t\t<\/span>\n\t\t\t<\/a>\n\t\t<\/div>\n\n\t\t\t\t\t\t<\/div>\n\t\t\t\t<\/div>\n\t\t\t\t<\/div>\n\t\t<div class=\"elementor-element elementor-element-b75c2ef e-flex e-con-boxed e-con e-parent\" data-id=\"b75c2ef\" data-element_type=\"container\">\n\t\t\t\t\t<div class=\"e-con-inner\">\n\t\t\t\t<div class=\"elementor-element elementor-element-7c4ebef elementor-widget elementor-widget-spacer\" data-id=\"7c4ebef\" data-element_type=\"widget\" data-widget_type=\"spacer.default\">\n\t\t\t\t<div class=\"elementor-widget-container\">\n\t\t\t\t\t\t\t<div class=\"elementor-spacer\">\n\t\t\t<div class=\"elementor-spacer-inner\"><\/div>\n\t\t<\/div>\n\t\t\t\t\t\t<\/div>\n\t\t\t\t<\/div>\n\t\t\t\t\t<\/div>\n\t\t\t\t<\/div>\n\t\t<div class=\"elementor-element elementor-element-5757353 e-flex e-con-boxed e-con e-parent\" data-id=\"5757353\" data-element_type=\"container\">\n\t\t\t\t\t<div class=\"e-con-inner\">\n\t\t\t\t<div class=\"elementor-element elementor-element-6937494 elementor-widget elementor-widget-thim-ekits-heading\" data-id=\"6937494\" data-element_type=\"widget\" data-widget_type=\"thim-ekits-heading.default\">\n\t\t\t\t<div class=\"elementor-widget-container\">\n\t\t\t\t\t<div class=\"thim-ekits-heading thim-ekit__heading\"><h3 class=\"title\">Entre vous et vos pens\u00e9es une cl\u00e9, une distance et une prise de conscience<\/h3><p class=\"sub-heading\">Au long d\u2019une vie, on peut \u00eatre victime d\u2019un souvenir, d\u2019une peur ou d\u2019une difficult\u00e9 qui nous prive de profiter du moment pr\u00e9sent. On se retrouve prisonnier d\u2019un sc\u00e9nario venant du pass\u00e9 ou d\u2019un avenir qui tourne en boucle. <\/br>\nEt pour autant, il existe un moyen tout simple pour reprendre la main sur ses pens\u00e9es. Si les pens\u00e9es n\u00e9gatives prennent leurs premi\u00e8res fondations dans des \u00e9l\u00e9ments du pass\u00e9 ou encore des projections du futur, il est essentiel de cr\u00e9er une certaine distance entre vous et vos pens\u00e9es. <\/br>\nS\u2019observer ruminer, c\u2019est un pas essentiel pour prendre conscience du syst\u00e8me de pens\u00e9es n\u00e9gatives, de ses origines et des facteurs d\u00e9clencheurs qui l\u2019alimentent. Car tant qu\u2019on n\u2019est pas pleinement conscient des m\u00e9canismes derri\u00e8re les pens\u00e9es toxiques, il est impossible d\u2019agir et de les changer. <\/br>\nL\u2019objectif est de se d\u00e9tacher du chaos \u00e9motionnel qui en r\u00e9sulte, de s\u2019extraire de la culpabilit\u00e9, de l\u2019anxi\u00e9t\u00e9 ou de la peur et de revenir au moment pr\u00e9sent. <\/br>\nSe recadrer sur le ici maintenant, c\u2019est ce qui permet de faire le tri dans son cerveau et c\u2019est gr\u00e2ce \u00e0 cette distance qu\u2019on arrive \u00e0 nettoyer son r\u00e9servoir de pens\u00e9es et \u00e0 remplacer l\u2019anarchie d\u00e9bordante. <\/br>\nPrendre conscience des pens\u00e9es n\u00e9gatives, c\u2019est prendre la bonne distance pour identifier leur origine et enfin les remplacer en invitant d\u2019autres pens\u00e9es neutres. C\u2019est toute une d\u00e9marche o\u00f9 la m\u00e9ditation et les techniques de respiration s\u2019av\u00e8rent utiles pour agir plut\u00f4t que de subir. <\/br>\nSi on prend la bonne distance avec ses pens\u00e9es, on peut facilement arriver \u00e0 diff\u00e9rencier celles qui sont utiles de celles qui ne le sont pas. Et en reprenant cet exercice tous les jours, cela permet d\u2019ancrer un nouveau syst\u00e8me de pens\u00e9es sain.<\/p><\/div>\t\t\t\t<\/div>\n\t\t\t\t<\/div>\n\t\t\t\t\t<\/div>\n\t\t\t\t<\/div>\n\t\t<div class=\"elementor-element elementor-element-20c3a84 e-flex e-con-boxed e-con e-parent\" data-id=\"20c3a84\" data-element_type=\"container\">\n\t\t\t\t\t<div class=\"e-con-inner\">\n\t\t\t\t<div class=\"elementor-element elementor-element-c128b3b elementor-widget elementor-widget-spacer\" data-id=\"c128b3b\" data-element_type=\"widget\" data-widget_type=\"spacer.default\">\n\t\t\t\t<div class=\"elementor-widget-container\">\n\t\t\t\t\t\t\t<div class=\"elementor-spacer\">\n\t\t\t<div class=\"elementor-spacer-inner\"><\/div>\n\t\t<\/div>\n\t\t\t\t\t\t<\/div>\n\t\t\t\t<\/div>\n\t\t\t\t\t<\/div>\n\t\t\t\t<\/div>\n\t\t<div class=\"elementor-element elementor-element-1513532 e-flex e-con-boxed e-con e-parent\" data-id=\"1513532\" data-element_type=\"container\">\n\t\t\t\t\t<div class=\"e-con-inner\">\n\t\t\t\t<div class=\"elementor-element elementor-element-5b3f3d8 elementor-widget elementor-widget-thim-ekits-heading\" data-id=\"5b3f3d8\" data-element_type=\"widget\" data-widget_type=\"thim-ekits-heading.default\">\n\t\t\t\t<div class=\"elementor-widget-container\">\n\t\t\t\t\t<div class=\"thim-ekits-heading thim-ekit__heading\"><h3 class=\"title\">Une pens\u00e9e neutre, positiver, le d\u00e9clic qui change tout<\/h3><p class=\"sub-heading\">Rien n\u2019est plus fatigant pour le cerveau que les pens\u00e9es n\u00e9gatives. Pour le mettre en mode\nrelax, il faut apprendre \u00e0 agir sur ses pens\u00e9es et les transformer. <\/br>\nSi on tend tous vers un id\u00e9al de pens\u00e9e positive, de bien-\u00eatre, une \u00e9tape interm\u00e9diaire est n\u00e9cessaire pour atteindre des r\u00e9sultats juste surprenants. <\/br>\nPositiver ses pens\u00e9es, passe tout d\u2019abord par comprendre les diff\u00e9rents types de pens\u00e9es. Une pens\u00e9e n\u00e9gative ou toxique fait \u00e9cho \u00e0 nos peurs, \u00e0 nos blessures, une pens\u00e9e positive fait appel \u00e0 une perception optimiste ou encore une pens\u00e9e neutre, un entre deux, qui permet une ascension plus douce et un cheminement plus accessible. <\/br>\nPasser d\u2019une pens\u00e9e n\u00e9gative \u00e0 une pens\u00e9e positive se fait donc \u00e0 travers une phase de\nneutralit\u00e9 et c\u2019est l\u00e0 o\u00f9 une pens\u00e9e positive va na\u00eetre. <\/br>\nRemplacer une pens\u00e9e plut\u00f4t n\u00e9gative par une pens\u00e9e neutre est d\u00e9j\u00e0 un apaisement en soi.\nCar si nos \u00e9motions sont au centre de toutes nos pens\u00e9es, l\u2019\u00e9tat \u00e9motionnel \u00e0 la suite d\u2019une cha\u00eene de pens\u00e9es n\u00e9gatives qui tourne en boucle est juste fatiguant. Ainsi, arriver \u00e0 un \u00e9tat de paix o\u00f9 les pens\u00e9es sont \u00e9troitement li\u00e9es \u00e0 l\u2019instant pr\u00e9sent et aux faits r\u00e9els r\u00e9duits particuli\u00e8rement les ruminations n\u00e9gatives, la peur irrationnelle des d\u00e9ceptions et des\nsc\u00e9narios imaginaires.<\/p><\/div>\t\t\t\t<\/div>\n\t\t\t\t<\/div>\n\t\t\t\t\t<\/div>\n\t\t\t\t<\/div>\n\t\t\t\t<\/div>\n\t\t","protected":false},"excerpt":{"rendered":"<p>Les pens\u00e9es n\u00e9gatives, la preuve tangible d&rsquo;un profond mal-\u00eatre L\u2019\u00eatre humain est dou\u00e9 de raison, un \u00eatre de pens\u00e9e par d\u00e9finition car celle-ci fait partie int\u00e9grante de son fonctionnement. Le cerveau ne peut pas s\u2019emp\u00eacher de penser tel le c\u0153ur [&hellip;]<\/p>\n","protected":false},"author":1,"featured_media":0,"parent":0,"menu_order":0,"comment_status":"closed","ping_status":"closed","template":"","meta":{"footnotes":""},"class_list":["post-17547","page","type-page","status-publish","hentry"],"jetpack_sharing_enabled":true,"_links":{"self":[{"href":"https:\/\/rimtatar.com\/index.php\/wp-json\/wp\/v2\/pages\/17547","targetHints":{"allow":["GET"]}}],"collection":[{"href":"https:\/\/rimtatar.com\/index.php\/wp-json\/wp\/v2\/pages"}],"about":[{"href":"https:\/\/rimtatar.com\/index.php\/wp-json\/wp\/v2\/types\/page"}],"author":[{"embeddable":true,"href":"https:\/\/rimtatar.com\/index.php\/wp-json\/wp\/v2\/users\/1"}],"replies":[{"embeddable":true,"href":"https:\/\/rimtatar.com\/index.php\/wp-json\/wp\/v2\/comments?post=17547"}],"version-history":[{"count":31,"href":"https:\/\/rimtatar.com\/index.php\/wp-json\/wp\/v2\/pages\/17547\/revisions"}],"predecessor-version":[{"id":17650,"href":"https:\/\/rimtatar.com\/index.php\/wp-json\/wp\/v2\/pages\/17547\/revisions\/17650"}],"wp:attachment":[{"href":"https:\/\/rimtatar.com\/index.php\/wp-json\/wp\/v2\/media?parent=17547"}],"curies":[{"name":"wp","href":"https:\/\/api.w.org\/{rel}","templated":true}]}}